) be the third derivative of -q**4/24 + 29*q**3/6 - 21*q**2. Calculate the remainder when k(-4) is divided by 19.
14
Let k = 8 - 8. Suppose 7*g - 2*g = k. Suppose 2*l + 4 - 24 = g. Calculate the remainder when 29 is divided by l.
9
Let y(j) = -j**2 + 4*j + 228. What is the remainder when 265 is divided by y(-13)?
6
Let t = -231 - -734. What is the remainder when t is divided by 56?
55
Let q be (6/3)/((-4)/10). Let x = q - -9. Suppose -270 = -9*j - 9*j. Calculate the remainder when j is divided by x.
3
Suppose 8*l + 7 = 23. Suppose -4*p + 216 = l*s, 4*p - 222 = -0*s - 5*s. What is the remainder when p is divided by 19?
15
Suppose -18*q = -7*q - 99. Calculate the remainder when 43 is divided by q.
7
What is the remainder when -1 - (-46 + (-3 - -1)) is divided by 29/((-1305)/27) - (-63)/5?
11
Let n(l) = 2*l**2 - 2*l. Suppose -15*s + 256 = -494. Suppose -197 + s = -7*c. Calculate the remainder when n(6) is divided by c.
18
Suppose 1012 + 338 = 27*j. Calculate the remainder when 136 is divided by j.
36
Suppose 0 = 3*l - 33 - 15. Let t be 56/l - (-3)/(-2). What is the remainder when -201*1/(-6)*t is divided by 14?
11
Let u(l) = -4*l**2 + 15*l - 16. Let q be u(9). Let m = q - -420. What is the remainder when m is divided by 24?
23
Calculate the remainder when 222 is divided by ((-132)/(-14))/((-3)/(-35)).
2
Suppose -5*p - m + 364 = 0, -3*p + 2*m + 221 = -0*p. Let l = -12 - -12. Suppose u - k - 17 = l, 0*k = 5*k - 10. What is the remainder when p is divided by u?
16
Let t = 298 - 269. Calculate the remainder when 57 is divided by t.
28
Suppose -5*u + 10 = -2*m, -2*m - 450*u = -446*u - 26. Let q(t) = t**3 - 5*t**2 + t + 5. Calculate the remainder when q(5) is divided by m.
0
Let v(j) = 2*j**3 + 11*j**2 - 2*j + 38. Let g = -4 + 5. What is the remainder when 25/g + (0 - 0) is divided by v(-6)?
11
Let s(w) = 2*w**2 - 12*w + 21. What is the remainder when s(5) is divided by 6?
5
Suppose 5*r - 36 = -i + 3*r, -2*r = -3*i + 100. Let l = i - -15. What is the remainder when l is divided by 10?
9
Let h(b) be the first derivative of -1/2*b**2 - b + 10 - 1/3*b**3 + 1/4*b**4. What is the remainder when h(3) is divided by 5?
4
Let p = 51 - -6. Suppose p = -5*v + 347. Calculate the remainder when v is divided by 16.
10
Suppose 2*c + 27 = j + 3*c, 4*j = -2*c + 104. What is the remainder when j is divided by 23?
2
Suppose -2*n = 2*n - 508. Let u(t) = 2*t + 66. Calculate the remainder when n is divided by u(-17).
31
Let h be 180/18*(-2)/(-4). Let p be ((-1)/(-3))/((-4)/(-12)). Calculate the remainder when 53 is divided by h - -13 - (3 + p).
11
Calculate the remainder when 122 is divided by 127/5 + (-74)/185.
22
Let p be (0 - -1)/(19/171). Let j(k) = -k**3 + 4*k**2 + 8*k - 3. Calculate the remainder when j(5) is divided by 13/3 + 6/p.
2
Let u(r) = -208*r - 9. Let g be u(-3). Suppose -5*m - k = -g, 0 = -4*m + k + 186 + 306. Let a = m + -10. Calculate the remainder when a is divided by 29.
26
Suppose 4*p + 2*k - 14 = 0, -6*p + 2*p + 4*k = -8. Suppose p*f + 114 = 6*f. Let y = 23 - 10. What is the remainder when f is divided by y?
12
Let w = -249 + 178. Let y = w - -134. What is the remainder when y is divided by 32?
31
Suppose 4*y + 30 = 3*d + 102, y = 3*d + 18. Let u = 32 - y. Let c(h) = 4*h - 3. Calculate the remainder when u is divided by c(2).
4
Let g be 12/(-8)*-6*-2. Let n = 19 + g. What is the remainder when 21 is divided by (-1 + (13 - 1))/n?
10
Let t(z) = 4 - 14 - 5*z - 3. Let l be t(-6). Let v = l - -2. What is the remainder when 56 is divided by v?
18
Suppose 21 = m - 2*k, 70 = -13*m + 17*m - k. Calculate the remainder when 1069 is divided by m.
15
Suppose 1239 = 25*u - 586. Calculate the remainder when u is divided by 66.
7
Let u(g) = g**3 - 11*g**2 + 9*g + 19. Let d be u(9). Let p = 111 + d. Calculate the remainder when p is divided by 22.
5
Suppose -4*j - 2*u + 57 = u, -4*j + 55 = 5*u. Let z be (-36)/j - (-4)/10. What is the remainder when 9 is divided by z/8 - (-34)/8?
1
Let t(y) = -y**3 + 27*y**2 + 29*y - 3. What is the remainder when t(28) is divided by 15?
10
What is the remainder when 168 is divided by (24480/50)/9 - 6/15?
6
Let t be (-2)/(4/86)*1. Let q = -24 - t. Suppose 2*v + 0*a - 54 = 5*a, 2*v - 2*a - 66 = 0. What is the remainder when v is divided by q?
18
Let i be ((-18)/(-27))/((-2)/(-24)). Let a be ((-2)/(i/284))/(-1). Suppose -37 = -2*n + a. Calculate the remainder when n is divided by 19.
16
Let o(d) = 117*d**2 + 20*d - 1. What is the remainder when o(-4) is divided by 32?
31
Let n(h) = 69*h**3 + 3*h**2 + 3*h - 3. What is the remainder when n(1) is divided by 45?
27
Suppose -7*s + 4*s + 3*x + 72 = 0, -9 = 3*x. Let z = 10 + -1. Calculate the remainder when s is divided by z.
3
Suppose -189 = -3*k + 153. Let q = k + -25. What is the remainder when q is divided by 23?
20
Let i(s) = -s + 13. What is the remainder when i(-17) is divided by 21?
9
Let x(y) = -3*y**3 + 7*y**2 + 2*y + 9. Calculate the remainder when x(-6) is divided by 20.
17
Let m(v) = v**2 + 3*v + 104. Let s be m(0). Let z = 147 - s. Calculate the remainder when 127 is divided by z.
41
Calculate the remainder when ((-2)/7)/(8/(-2212)) is divided by 16.
15
What is the remainder when 248 is divided by (-196)/(-1470) + (-1)/((-15)/1933)?
119
Let j = 383 + -199. What is the remainder when j is divided by 9?
4
Suppose 3*i - 32 = -4*k, -3*k + 16 = 5*i + 3. Suppose 4*b = k*b - 602. Calculate the remainder when b is divided by 30.
26
Let c(m) = m**3 + m**2 - 6*m + 5. What is the remainder when c(4) is divided by (4 + 12)*(-1)/5*-10?
29
Let q = 173 - 64. Let n = q + -44. What is the remainder when n is divided by 17?
14
Suppose 233 = 4*h - 5*l - 233, h - 120 = 3*l. Calculate the remainder when h is divided by 50.
14
Let i(o) = -14*o + 2. Let x be i(-5). Suppose 2*p - 5*q = 67 + x, 5*p + 5*q = 295. Calculate the remainder when p is divided by 13.
10
Let p be (-4)/32 + 132/32. Suppose 0 = -2*z + p, o + 5*z - 35 = -4*o. What is the remainder when o is divided by 2?
1
Suppose 0*k - k = 0. Suppose 4*v = 2*a - 322, 20 = -k*v - 5*v. What is the remainder when a is divided by 11?
10
Let q(j) = -1 + 5*j**2 - 3*j**2 - j**2 - 3*j - j. Let t be q(5). What is the remainder when (32/12)/(t/114) is divided by 26?
24
Let p be ((-16)/24)/((-2)/318). Suppose d - p = -2*u - 0*d, 3*u - 137 = 4*d. Calculate the remainder when u is divided by 18.
15
Let h(s) = -s**3 - 10*s**2 + 11*s. Let t be h(-11). Let m(j) = 2*j + 4. Let i be m(t). Let a = 14 - i. What is the remainder when 17 is divided by a?
7
Suppose 2*h + 10 = -r - 0*r, -25 = 4*r + 5*h. Suppose -109*i + 113*i - 616 = r. Calculate the remainder when i is divided by 26.
24
Suppose -4*q + 29 + 19 = 0. Suppose 6*v - 2*v - q = 0. Calculate the remainder when 73 is divided by v/(1 - (-16)/(-20)).
13
Suppose -11*j = j - 2856. Suppose -r = -m + 6*m - j, -2*m - r + 97 = 0. Calculate the remainder when 91 is divided by m.
44
Suppose 2*m - 7*m = -45. Suppose -5*g + 224 = z, -z = 3*g - 6*g + 128. What is the remainder when g is divided by m?
8
Suppose 15 = 5*h + c, 24 = 2*h - 4*c + 8*c. Calculate the remainder when (h/6)/(4/564) is divided by 25.
22
Let b(g) = -g**2 + 32*g + 1. Calculate the remainder when 63 is divided by b(31).
31
Let n be (-18)/((-1)/(-2) + -2). Suppose -13 = -4*y - 5. What is the remainder when ((-41)/y)/((-3)/n) is divided by 21?
19
Let h(f) = f + 3. Calculate the remainder when ((-170)/255)/(2/(-57)) is divided by h(4).
5
Suppose 2*u - 12 = -3*o + 6, -3*u = -4*o + 7. Suppose o*i - 108 = 236. Calculate the remainder when i is divided by 11.
9
Suppose 5*r = -2*a + 3*a - 13, 0 = 4*a + 3*r - 52. Suppose 5*q = a + 17. What is the remainder when 96/9 - (-6)/(-9) is divided by q?
4
Let o = -1381 - -1403. What is the remainder when 305 is divided by o?
19
Let f(l) = 5*l**3 + l**2 - l. Let z be f(1). Suppose o - z = -4. Let r = o - -7. What is the remainder when 28 is divided by r?
4
Let v be -1*1*(-4 + 5 + -2). Calculate the remainder when -2 + 3 + (v - -25) is divided by 3/2*(-28)/(-6).
6
Let f = -35 + 52. Let y = -15 + f. Calculate the remainder when 11 is divided by 0/(-3) + 4 + y.
5
Suppose -3*y + 5*i - 7 = 0, -6*i + 11*i - 25 = 0. Calculate the remainder when 32 is divided by y.
2
Let f be 202/18 + 12/(-54). Suppose 4 = -m + f. Calculate the rem